).
-16
Let u(l) = -4*l**3 + 5*l**2 - 4. Calculate u(2).
-16
Let f(t) = -8*t - 12. Calculate f(-2).
4
Let f(b) = -30*b + 93. Calculate f(3).
3
Let z(v) = v**3 + 16*v**2 - 18*v - 12. Calculate z(-17).
5
Let q(h) = -h**3 + 7*h**2 + 7*h + 3. What is q(8)?
-5
Let x(y) = -y**2 - 7*y + 12. Give x(-10).
-18
Let r(i) = -15*i - 91. Calculate r(-6).
-1
Let i(h) = -3*h + 4. Give i(-8).
28
Let o(h) = 2*h**3 - 2*h**2 - 5*h + 4. Give o(4).
80
Let g(k) = k**3 + 8*k**2 - 9*k + 4. Determine g(-9).
4
Let x(t) = 8*t + 25. What is x(-3)?
1
Let p(n) = n**2 + 13*n + 10. What is p(-9)?
-26
Let u(t) = -t**2 + 13*t - 1. What is u(12)?
11
Let u(x) = x**3 - 7*x**2 + 2*x - 4. Determine u(7).
10
Let a(z) = -2*z**3 - 8*z**2 - 6*z - 3. What is a(-3)?
-3
Let a(d) = 3*d**2 + 23*d + 16. Give a(-7).
2
Let p(g) = g**2 - g + 49. Calculate p(0).
49
Let j(k) = 3*k - 6. Determine j(0).
-6
Let c(d) = -d**2 + 7*d - 1. Calculate c(5).
9
Let r(q) = -22*q + 9. What is r(-4)?
97
Let m(h) = -6*h + 23. Calculate m(-2).
35
Let v(p) = -23*p**2 + p + 1. What is v(-1)?
-23
Let d(x) = x**2 - 5*x. Give d(6).
6
Let i(d) = -5*d - 54. Give i(-8).
-14
Let w(k) = -6*k - 56. Calculate w(-17).
46
Let o(j) = j**3 + 17*j**2 + j + 14. Determine o(-17).
-3
Let w(n) = n**3 + 7*n**2 - 3*n - 19. Give w(-7).
2
Let n(s) = -2*s + 14. Give n(8).
-2
Let w(m) = 24*m + 3. Determine w(-1).
-21
Let v(q) = -2*q + 2. Calculate v(0).
2
Let f(i) = 2*i**2 + i - 5. Calculate f(2).
5
Let t(a) = -2*a. Determine t(-1).
2
Let b(z) = -z**3 - 6*z**2 - z + 3. Calculate b(-6).
9
Let s(g) = -10*g - 15. Determine s(-6).
45
Let k(g) = g**2 - 2*g - 10. Calculate k(5).
5
Let r(c) = c - 24. Give r(15).
-9
Let z(c) = -5*c**2 + 6*c + 17. Give z(-2).
-15
Let c(i) = 6*i + 11. Determine c(-3).
-7
Let q(j) = j**3 + 6*j**2 - j + 2. Determine q(-6).
8
Let a(l) = 28*l**3 - l**2 + 2. Calculate a(-1).
-27
Let j(i) = 3*i + 10. Calculate j(-5).
-5
Let x(p) = p**2 + 8*p + 3. Determine x(-9).
12
Let w(t) = 4*t**2 - 13*t + 11. Give w(6).
77
Let x(g) = g**2 + 8*g + 1. Determine x(-7).
-6
Let w(k) = -k**3 + 16*k**2 + 55*k + 28. What is w(19)?
-10
Let j(n) = -n**3 - 7*n**2 + 7*n - 9. Determine j(-8).
-1
Let k(h) = 2*h - 5. Give k(2).
-1
Let a(t) = -t**3 - 6*t**2 - 11*t - 15. Give a(-4).
-3
Let u(k) = k**2 - 8*k + 11. Determine u(5).
-4
Let g(b) = b**2 + 16*b - 37. Give g(-18).
-1
Let m(w) = -w**2 - 9*w + 13. Give m(-11).
-9
Let x(m) = -2*m**3 + 2*m**2 - 3*m - 2. Determine x(3).
-47
Let t(r) = -r**2 - r + 19. What is t(0)?
19
Let u(v) = 2*v**3 + 13*v**2 - 41. Calculate u(-6).
-5
Let t(w) = 3*w**2 + 19*w - 18. Calculate t(-8).
22
Let m(z) = z**2 - 5*z + 2. Determine m(3).
-4
Let p(a) = -a**2 - 69*a + 129. Calculate p(2).
-13
Let d(i) = 3*i - 27. What is d(12)?
9
Let j(k) = -279*k + 1122. Calculate j(4).
6
Let h(c) = c**2 - 5*c + 14. What is h(6)?
20
Let i(x) = -x - 6. Give i(-1).
-5
Let m(b) = -b**3 - 10*b**2 + 12*b + 13. Calculate m(-11).
2
Let p(b) = -b**3 + 12*b**2 + 11*b + 31. What is p(13)?
5
Let g(y) = 7*y - 18. Determine g(6).
24
Let b(l) = -2*l + 31. Determine b(7).
17
Let n(s) = 18*s - 156. Give n(8).
-12
Let u(w) = -w**3 + 11*w**2 - 29*w - 12. Calculate u(5).
-7
Let l(n) = -15*n + 141. Determine l(10).
-9
Let g(n) = n + 16. Determine g(-4).
12
Let q(u) = -6*u + 3. What is q(4)?
-21
Let q(h) = -h**3 + 18*h**2 + 7*h - 132. What is q(18)?
-6
Let g(r) = -10*r - 21. Determine g(-2).
-1
Let o(h) = -4*h - 5. Determine o(-10).
35
Let i(g) = -g**3 + 48*g**2 + 97*g + 146. Calculate i(50).
-4
Let r(i) = -32*i + 26. Calculate r(0).
26
Let d(o) = 5*o. Determine d(-2).
-10
Let c(t) = -t**2 + 10*t - 9. Determine c(11).
-20
Let r(o) = o**3 + 6*o**2 - o - 5. Determine r(-4).
31
Let h(v) = 2*v**2 - 4*v + 1. Determine h(2).
1
Let n(s) = s**3 - 37*s + 13. Calculate n(6).
7
Let j(g) = -112*g - 213. Give j(-2).
11
Let k(n) = -5*n - 2. Calculate k(1).
-7
Let q(i) = -7*i**2 + 54*i - 6. Determine q(7).
29
Let w(s) = s**3 + 17*s**2 + s + 19. Give w(-17).
2
Let u(y) = -6*y - 6. What is u(-7)?
36
Let l(w) = 3*w**2 - 10. Determine l(5).
65
Let a(t) = t**3 + 9*t**2 - 13*t - 3. Give a(-10).
27
Let h(o) = -44*o**2 + o - 1. Calculate h(1).
-44
Let w(p) = p + 3. Calculate w(-12).
-9
Let u(a) = -a**2 - 11*a - 10. Give u(-8).
14
Let s(b) = b**3 + 4*b**2 + 4*b + 4. Give s(-3).
1
Let m(z) = -z**3 + 7*z**2 + 3*z + 48. Calculate m(8).
8
Let q(s) = -28*s**2 + 3*s - 4. Calculate q(2).
-110
Let i(n) = 2*n**2 - 17*n + 12. What is i(8)?
4
Let k(i) = -2*i + 7. Determine k(3).
1
Let n(i) = -i. Determine n(5).
-5
Let a(r) = 105*r - 844. Calculate a(8).
-4
Let b(h) = 14*h + 7. What is b(-2)?
-21
Let s(v) = -v**2 - v + 1. Give s(-2).
-1
Let u(n) = -n**3 - 5*n**2 + 14*n - 14. Determine u(-7).
-14
Let k(w) = -9*w**2 - 3*w + 2. Determine k(2).
-40
Let l(y) = y**3 + 12*y**2 - 13*y - 1. Calculate l(-13).
-1
Let t(r) = 2*r + 22. Determine t(-30).
-38
Let r(k) = 29*k**2 + k. Calculate r(-1).
28
Let u(z) = -z**2 - 9*z + 13. Determine u(-12).
-23
Let p(m) = -40*m + 754. Give p(19).
-6
Let x(f) = f + 22. Give x(-7).
15
Let f(z) = -29*z - 168. What is f(-6)?
6
Let r(b) = -b**3 - 12*b**2 + 26*b - 42. Calculate r(-14).
-14
Let t(j) = -j**3 + j**2 + 2*j + 8. Give t(0).
8
Let q(a) = -a**3 + 11*a**2 + 30*a + 11. Determine q(13).
63
Let n(x) = 15*x - 1. Give n(-1).
-16
Let x(f) = -f**3 - 4*f**2 + 7*f + 3. Calculate x(-5).
-7
Let d(o) = -o**2 + 4*o + 3. Give d(-2).
-9
Let z(v) = -18*v**2 - 4*v - 3. Give z(-2).
-67
Let c(k) = k**3 + 42*k**2 + 77*k - 127. Calculate c(-40).
-7
Let z(x) = x**3 + x**2 + 2*x. Calculate z(-2).
-8
Let x(d) = -d**2 - 13*d + 41. Determine x(-14).
27
Let a(g) = 53*g + 110. Give a(-2).
4
Let y(v) = -2*v**2 - 13*v + 6. Determine y(-7).
-1
Let k(a) = -10*a**2 - 5*a - 3. Give k(-1).
-8
Let g(f) = 3*f**3 + 2*f**2 - f - 2. Determine g(-1).
-2
Let s(j) = 8*j - 52. Give s(7).
4
Let m(x) = -x + 4. Give m(0).
4
Let p(f) = f**3 + 7*f**2 + 7*f - 4. Give p(-5).
11
Let l(c) = -7*c - 1. Give l(4).
-29
Let t(i) = -i - 1. Give t(-1).
0
Let n(c) = -c + 20. What is n(10)?
10
Let t(y) = -y**2 + 6*y + 3. Determine t(6).
3
Let d(t) = 6*t - 7. What is d(6)?
29
Let o(q) = 5*q + 43. Calculate o(-5).
18
Let x(p) = p**2 - 10*p + 18. Calculate x(8).
2
Let v(b) = 12*b + 2. Determine v(2).
26
Let z(q) = -3*q - 77. Give z(-17).
-26
Let v(l) = -l**3 + 3*l**2 + 12*l - 8. Determine v(5).
2
Let g(q) = -q. What is g(-1)?
1
Let k(r) = -2*r**3 + 21*r**2 - 12*r - 13. Determine k(10).
-33
Let j(l) = -5*l - 12. Determine j(-6).
18
Let d(g) = 2*g + 10. What is d(10)?
30
Let l(j) = 10*j**2 - 5*j + 4. What is l(2)?
34
Let q(i) = 3*i**3 + 16*i**2 + 2*i - 7. Determine q(-5).
8
Let m(x) = x**3 - 8*x**2 + 10*x + 5. Calculate m(6).
-7
Let x(s) = 6*s**3 - s - 2. Give x(-1).
-7
Let b(t) = t**3 + t**2 - t - 8. Determine b(0).
-8
Let h(x) = x**2 + 27*x + 18. Determine h(-26).
-8
Let l(c) = -9*c**2 + c. Give l(-1).
-10
Let l(g) = 2*g**3 - 3*g**2 + 4*g - 3. Determine l(2).
9
Let t(r) = 4*r**2 + 2*r + 5. What is t(-4)?
61
Let x(l) = l**3 + 15*l**2 - 34*l - 10. What is x(-17)?
-10
Let x(f) = -f**2 + 10*f - 8. Determine x(7).
13
Let u(g) = g**3 - 19*g**2 - 22*g + 49. Determine u(20).
9
Let c(i) = -i - 13. What is c(-16)?
3
Let z(u) = -u**2 + u + 110. Determine z(-9).
20
Let v(k) = k**2 - 17*k + 72. What is v(12)?
12
Let w(c) = 2*c**2 + 16*c - 23. Determine w(-9).
-5
Let d(p) = 2*p**2 - 7*p + 5. Determine d(4).
9
Let h(i) = -i - 2. Give h(-5).
3
Let a(r) = -r**2 - 5*r - 18. Calculate a(-6).
-24
Let m(b) = b**3 - 6*b**2 + 5*b + 7. Calculate m(6).
37
Let d(o) = 3*o - 59. Determine d(28).
25
Let v(c) = c**3 + 3*c**2 + 2*c + 1. Determine v(-2).
1
Let q(a) = a**2 + 13*a + 12. Determine q(-12).
0
Let b(v) = -v**3 - 3*v**2 + 10*v - 3. Calculate b(-5).
-3
Let a(m) = -m - 12. Give a(-15).
3
Let o(r) = 4*r**2 - r - 2. Determine o(2).
12
Let y(k) = -3*k**2 - 11*k - 16. What is y(-2)?
-6
Let s(f) = 29*f. Give s(1).
29
Let y(h) = h**2 + 7*h - 12. What is y(2)?
6
Let b(a) = 5*a + 99. Determine b(-21).
-6
Let i(u) = -13*u - 3. Calculate i(-2).
23
Let z(v) = -v**2 - 6*v - 3. What is z(-5)?
2
Let w(s) = s**3 - s**2 - 2*s + 2. Determine w(2).
2
Let p(s) = s + 16. Calculate p(0).
16
Let v(t) = -t**3 + 8*t**2 + 11*t - 1. Determine v(9).
17
Let u(z) = -z**2 - 11*z - 19. Calculate u(-8).
5
Let l(p) = 8*p**3 - 9*p**2 + 14*p - 4. Determine l(1).
9
Let n(a) = -432*a + 3. 